 highest common divisor of 2157 and 366551952.
2157
What is the highest common factor of 16446888 and 1782?
162
Calculate the highest common factor of 1480 and 2863240.
40
What is the highest common factor of 52 and 41509559?
13
What is the greatest common factor of 150 and 3143955?
15
What is the highest common divisor of 554077830 and 47?
47
Calculate the greatest common factor of 241987 and 3233.
61
Calculate the greatest common divisor of 21 and 211408071.
21
Calculate the greatest common divisor of 4368 and 310106433.
273
Calculate the greatest common factor of 1023 and 2233891.
341
What is the greatest common divisor of 1118 and 4090762?
1118
Calculate the greatest common divisor of 52023778 and 5058.
562
Calculate the highest common factor of 19796 and 16499.
7
Calculate the highest common divisor of 453817 and 1267.
7
What is the highest common factor of 4680841 and 9955?
1991
What is the greatest common factor of 370 and 197415794?
74
Calculate the highest common factor of 174 and 4145492.
58
What is the highest common divisor of 12 and 360420420?
12
What is the greatest common divisor of 6664 and 23203?
1
Calculate the greatest common factor of 191728 and 2096.
16
Calculate the highest common divisor of 120 and 48499840.
40
Calculate the greatest common divisor of 2494168033 and 707.
707
What is the greatest common factor of 1 and 3055131?
1
What is the highest common divisor of 431451 and 171?
9
What is the highest common factor of 100 and 26161220?
20
Calculate the highest common divisor of 2420190 and 1935.
45
What is the highest common divisor of 884937220 and 40?
20
Calculate the highest common divisor of 39707 and 65903.
59
Calculate the highest common divisor of 8687620 and 1464.
244
What is the greatest common divisor of 2261 and 2138108?
133
Calculate the greatest common divisor of 2992 and 903652.
68
Calculate the highest common factor of 27292935 and 30.
15
What is the greatest common factor of 73 and 52722425?
73
What is the greatest common divisor of 41272 and 4449368?
616
What is the highest common factor of 12831 and 10881?
39
Calculate the highest common divisor of 5406 and 102204.
102
What is the highest common divisor of 649155 and 51285?
195
Calculate the greatest common factor of 39 and 1023550541.
13
What is the greatest common factor of 4358 and 85802?
2
What is the greatest common divisor of 5743994 and 272?
34
Calculate the greatest common divisor of 1112160 and 1337280.
3360
What is the highest common factor of 1509543 and 373527?
3087
Calculate the highest common factor of 102005169 and 42.
21
What is the greatest common divisor of 192000 and 781824?
1536
Calculate the greatest common divisor of 45140 and 2948740.
1220
Calculate the greatest common factor of 4851422 and 266.
38
What is the greatest common divisor of 2880 and 1689435?
45
Calculate the greatest common divisor of 43169 and 98.
49
Calculate the highest common factor of 37041194 and 48686.
4426
Calculate the highest common divisor of 86955 and 4097.
17
Calculate the highest common factor of 15878 and 392071.
17
Calculate the greatest common factor of 4951497 and 2397.
141
What is the greatest common divisor of 741719279 and 259?
259
Calculate the greatest common divisor of 9996620 and 55115.
365
What is the highest common factor of 53457189 and 1626?
813
What is the greatest common divisor of 1534 and 48220523?
767
Calculate the highest common divisor of 4997373 and 28308.
1011
Calculate the highest common divisor of 304 and 39476224.
304
Calculate the highest common divisor of 10185711 and 8901.
2967
Calculate the greatest common divisor of 10119 and 606303496.
3373
Calculate the highest common factor of 108 and 123414.
6
What is the highest common divisor of 10394172 and 39738?
1074
What is the greatest common factor of 4872245 and 1605?
535
Calculate the greatest common divisor of 14377983 and 27.
3
What is the greatest common factor of 93268 and 11060?
28
What is the highest common divisor of 580914400 and 13200?
4400
What is the greatest common factor of 3432 and 23783496?
264
What is the highest common divisor of 257148 and 3087?
9
What is the highest common divisor of 41140 and 59030?
10
What is the greatest common factor of 9810 and 2718990?
90
Calculate the highest common factor of 148185 and 17295.
15
Calculate the greatest common factor of 32193 and 4489821.
441
Calculate the greatest common factor of 8498 and 5479586.
14
What is the greatest common divisor of 16213744 and 3184?
16
What is the greatest common divisor of 1417 and 2876549?
13
What is the highest common factor of 48150 and 914055?
15
Calculate the greatest common factor of 96 and 239840976.
48
What is the greatest common factor of 9 and 38109429?
9
Calculate the greatest common divisor of 99236881 and 23.
23
Calculate the highest common divisor of 130 and 36416224.
26
What is the highest common divisor of 693882693 and 28917?
9639
What is the greatest common factor of 6114 and 73231454?
2038
What is the greatest common divisor of 1932690 and 578910?
690
What is the highest common factor of 1958965 and 2257?
37
Calculate the greatest common factor of 30784684 and 76650.
1022
What is the highest common factor of 6863 and 239?
1
Calculate the highest common divisor of 75 and 369003.
3
What is the greatest common divisor of 5248 and 71324256?
1312
What is the highest common factor of 113981 and 405517?
133
Calculate the greatest common divisor of 571335 and 27345.
15
Calculate the highest common factor of 2001636 and 547785.
2961
What is the highest common divisor of 21762837 and 56389?
3317
Calculate the highest common factor of 196490 and 2646.
98
Calculate the greatest common factor of 956978 and 2354.
22
What is the greatest common factor of 239834596 and 3966?
1322
What is the highest common factor of 32886 and 350001?
2349
What is the highest common factor of 6225 and 102936600?
6225
What is the greatest common factor of 26968 and 4168?
8
What is the highest common factor of 82 and 1468268302?
82
Calculate the greatest common factor of 126 and 3791250.
18
Calculate the greatest common factor of 49242 and 15435669.
849
Calculate the highest common divisor of 5484776 and 352.
88
Calculate the highest common divisor of 109 and 85750627.
109
What is the highest common factor of 1558368620 and 9080?
4540
Calculate the highest common factor of 411781 and 1029857.
809
Calculate the greatest common factor of 1309 and 22637681.
11
What is the greatest common divisor of 248247 and 3924?
9
Calculate the highest common factor of 179575 and 1132955.
3265
Calculate the greatest common factor of 13256811 and 27.
27
Calculate the highest common factor of 6912 and 90657936.
144
Calculate the highest common factor of 132 and 24523059.
33
What is the highest common factor of 6 and 175159902?
6
Calculate the greatest common factor of 417409 and 11857.
71
Calculate the greatest common factor of 60440442 and 6.
6
What is the highest common divisor of 43508 and 94?
2
What is the greatest common divisor of 26195329 and 151?
151
Calculate the highest common factor of 909 and 11444512.
101
What is the highest common divisor of 713 and 297176261?
713
What is the highest common factor of 31724133 and 37?
37
What is the greatest common divisor of 45152 and 593776?
272
What is the greatest common factor of 105174 and 2682?
18
Calculate the highest common divisor of 2175 and 79248300.
2175
What is the highest common factor of 6365 and 49192539?
1273
What is the highest common factor of 22801883 and 39?
13
What is the highest common divisor of 38 and 10770321?
19
What is the highest common factor of 1263850120 and 1559?
1559
Calculate the highest common factor of 156 and 31472160.
12
What is the greatest common divisor of 2603 and 11926946?
2603
Calculate the highest common factor of 1767 and 604748.
31
Calculate the greatest common factor of 884 and 24245.
13
Calculate the greatest common divisor of 27 and 13322.
1
What is the greatest common divisor of 22134 and 1554?
42
Calculate the highest common divisor of 112 and 61628384.
16
Calculate the highest common divisor of 3984 and 21387108.
996
Calculate the highest common factor of 216 and 2652600.
24
Calculate the highest common divisor of 5652